tors of i?
2, 7
What are the prime factors of (-1 - (-4188)/(-24))*(-52)/6?
3, 13
Let i(d) = -41*d**3 + 18*d**2 + 3*d - 4. What are the prime factors of i(-3)?
2, 157
Suppose 0 = -n + 3*d - 4*d + 7, 5*n = 2*d + 7. Suppose -t + 50 = -3*y, y + 243 = n*t + 69. List the prime factors of t.
59
Let w(c) = c**3 + 6*c**2 - 2*c - 5. Let u be w(-6). Suppose o + 2*b + 7 = 0, -5*o + 5*b + 36 = -4. Suppose -o*g = -2*g - u. List the prime factors of g.
7
Suppose -s + 6*s - 12 = -4*a, 0 = a - 3. Suppose 24*r - 20*r - 44 = s. List the prime factors of r.
11
Let y(u) = 2*u**3 + 2*u**2 + 2*u + 2. Let t be y(-2). Let k be 16/(-8)*3/(-2). Let d = k - t. List the prime factors of d.
13
Suppose 0 = -f - 3, -2*f - 30 = p + 6. Suppose -4*v + 7 = 27. List the prime factors of v/p + (-214)/(-12).
2, 3
Suppose 204*k - 9458 = 202*k. List the prime factors of k.
4729
Let y(q) = 8*q**2 + 22*q - 450. What are the prime factors of y(16)?
2, 3, 5, 13
Suppose 660 = -n - 25. Let f be (-4)/30 + n/(-75). Let u = 25 - f. What are the prime factors of u?
2
What are the prime factors of ((-6)/(-5))/((-17)/(-1870))?
2, 3, 11
Let m = 48 - 25. Suppose f + 21 = -m. Let g = -16 - f. List the prime factors of g.
2, 7
Let k(m) = 5*m**2 + 10*m + 20. List the prime factors of k(-2).
2, 5
Let t(b) = 39*b - 8. Suppose 0*r + r = -c + 7, 20 = 4*r + 2*c. What are the prime factors of t(r)?
109
List the prime factors of 525582/99 - (-1)/11.
5309
Let l(t) be the first derivative of 1 - 3*t**2 + 8/3*t**3 - 1/4*t**4 - 7*t. What are the prime factors of l(5)?
2, 19
Let n(d) = d - 3. Let g be n(6). Let a be (-3)/(-2)*(g - 1). List the prime factors of 2*(11 - (a + -2)).
2, 5
Suppose 3*c - 4*x = -2*x + 204, x = -5*c + 353. Suppose -4*g + 3*t = 74, 0*g - t + c = -4*g. List the prime factors of g/(-3)*(10 - 7).
17
List the prime factors of 172/10*480/16 - 4.
2
What are the prime factors of 1 - (-4)/(-3) - 26758/(-102)?
2, 131
Let s be 5 + 0 + -47 + 2. Let x = -17 - s. List the prime factors of x.
23
Let d = -4437 + 7166. List the prime factors of d.
2729
Suppose -2*g - 720 = 10*g. What are the prime factors of (-100)/g + 1244/6?
11, 19
List the prime factors of (-2)/4 - (-5 + 9340/(-8)).
2, 293
Let g(n) = -50*n + 245. List the prime factors of g(-11).
3, 5, 53
Let p(y) = -8*y**3 + 4*y**2 + 2*y + 2. Let t be p(-3). Suppose u + u = -a + 98, -5*u - a = -t. Suppose u = 2*x + 12. List the prime factors of x.
19
Suppose 0 = 2*f - 3*k - k - 1612, -3*f + k + 2443 = 0. List the prime factors of f.
2, 3, 17
What are the prime factors of 672/60 + 4/5?
2, 3
Let c = 4519 + -815. What are the prime factors of c?
2, 463
Let p = 11 - 16. List the prime factors of 3 - p*6 - 4.
29
Let y(v) be the second derivative of 1/4*v**4 + 3/2*v**3 + 0 + 4*v**2 - 5*v. What are the prime factors of y(-6)?
2, 31
List the prime factors of -2 - -486 - (7/1 + -7).
2, 11
Suppose 7*b + 2*g - 3 = 0, 5*b - 3*g - 4 = 7. Let v(i) be the third derivative of 13*i**5/12 + i**4/24 - i**3/3 + i**2. List the prime factors of v(b).
2
Let f(u) = u**3 + u**2 - 765. Let t be f(0). List the prime factors of (-1)/(3*5/t).
3, 17
Let p = 85 + -82. Suppose -s + 164 = 2*h, -2*s - 5 = p. List the prime factors of h.
2, 3, 7
Let d be (-1059)/(-5) - 3/(-15). Let k = d - 109. List the prime factors of k.
103
Let m = 1 + 12. Let b = 17 - m. Suppose -7*c + 96 = -b*c. What are the prime factors of c?
2
Suppose -26*b + 28*b = 3860. List the prime factors of b.
2, 5, 193
Suppose -2*x + 4*t + 8498 = 0, -5*x + 12963 + 8322 = -2*t. What are the prime factors of x?
4259
Suppose 0 = -t - 2*j + 583 - 144, 2*j - 888 = -2*t. What are the prime factors of t?
449
Suppose -138 = -9*m + 3*m. Suppose -m = -2*j + 61. Suppose -71 = -v + 5*h, 70 + j = 2*v + 5*h. What are the prime factors of v?
61
Suppose -5*q + 0*q = -15. Suppose 0 = 5*l, l = -2*g + 7 - 1. Suppose 0 = -3*y + g, -q*c + y = 7 - 75. What are the prime factors of c?
23
Let d(k) = -21*k + 8. Let m be d(-4). Let l = m - 25. What are the prime factors of l?
67
Let n(f) = -9*f - 6. Let i be n(-1). Suppose i*a + 0*a - 341 = 5*w, 2*a + 2*w = 254. List the prime factors of a.
2, 61
Let i be (-1)/(-3)*(-6 - 42/(-7)). Suppose -t - 50 = 3*v - 405, -2*v - t + 238 = i. What are the prime factors of v?
3, 13
Let u = -795 + 1334. Suppose z = 2*q + 143, z - 3*q = 5*z - u. List the prime factors of z/8 + (-8)/64.
17
Let y be 1821/4 + 30/40. Suppose -4*v - 36 = 2*w - y, -3*w = -v + 105. List the prime factors of v.
3, 5, 7
Let j(l) = l**2 - 10*l + 1. Let z be j(10). Suppose -5*w + 48 = 13. What are the prime factors of (w - 4 - z) + 41?
43
What are the prime factors of (-276)/920 - (-51726)/20?
2, 3, 431
Let k = -1 - -1. Suppose k = 2*u + u - 6. What are the prime factors of (110 - 17)*u/3?
2, 31
Let s be (105/12 - -1)/(3/(-8)). Let p = 101 + s. What are the prime factors of p?
3, 5
Let w = 460 + -197. Suppose -10*d = w - 1263. What are the prime factors of d?
2, 5
Suppose 5*y = 2*z + 63 - 446, 790 = 4*z - 2*y. List the prime factors of z.
199
Let i = 120 - 174. Let c = -95 - i. Let w = c + 68. List the prime factors of w.
3
Let a be 1/(-8) - 1874/(-16). List the prime factors of (-2)/(-4 + 465/a).
2, 3, 13
Suppose 5*o + 3*b = -15 + 44, 4*o - 10 = 2*b. Let v(i) = o*i + 2*i + 2 - i. What are the prime factors of v(3)?
17
Suppose -5*w + 5*n - 13 + 3 = 0, 0 = -3*w + n - 6. Let p(u) = u**2 + 3*u - 2. Let f be p(w). List the prime factors of (-3)/4 - 179/f.
2, 11
Let q = 9 + -6. List the prime factors of 1 + -1 + (q - 4 - -100).
3, 11
Let n(b) = -b - 1. Let q be n(7). Let u(f) = -7*f - 36. What are the prime factors of u(q)?
2, 5
Let x = 7 - 6. List the prime factors of 3 - x*(-56 + 3).
2, 7
Suppose -2*z + 975 = z - j, -4*z = 5*j - 1300. Let c = z + -172. Suppose c = 4*w - t, -t - 36 = -0*w - w. What are the prime factors of w?
3, 13
Let b = 3 + 9. What are the prime factors of 12/18 + 136/b?
2, 3
Let b(d) = 9*d**2 + 3 - 10*d**2 + 23 + 11*d + 3*d**2. List the prime factors of b(-5).
3, 7
Let q = 266 - 397. Let m = -71 - q. What are the prime factors of m?
2, 3, 5
Let k be 2/(-6) - (-954)/27. Suppose -d - z - k = -1, 2*d + 54 = 5*z. What are the prime factors of (-42)/(-8)*d/(-12)?
2, 7
Let t = -301 + 292. Let g(m) = -6*m - 5 - 4*m - 17. List the prime factors of g(t).
2, 17
Suppose 102 = 159*a - 158*a. Suppose 4*r + 60 = r. Let g = r + a. What are the prime factors of g?
2, 41
Let u = 119 - 30. Suppose 2*b + 17 = u. What are the prime factors of b?
2, 3
Let r(b) = b + 12. Let z be r(-8). List the prime factors of -6*(z - -2)*-1.
2, 3
Let s be 3/(-2) + 14/4. Let p(h) = -h + 8. Let o(f) = -4*f + 25. Let x(r) = s*o(r) - 7*p(r). List the prime factors of x(-13).
7
Let q(l) = l**3 + 10*l**2 + 19*l + 26. Let k be q(-8). Suppose -6*b + k*b = -5*s - 1, 2*s - 3*b = -6. List the prime factors of s.
3
Suppose 3*s = -2*o - 4, 3*s + 3 = -5*o - s. Let r(c) = 112*c. Let v be r(o). Suppose 7*a - 3*a = v. List the prime factors of a.
2, 7
Let h(y) = -9*y**2 + 9 + 46*y**2 - 10 - 2*y. What are the prime factors of h(-2)?
151
Let k = 24 + -15. Let a = k - 7. Suppose -t - a*t = -51. List the prime factors of t.
17
Let l = -321 - -673. List the prime factors of l.
2, 11
Suppose 2 = -3*t - 1. Let s(y) = -59*y + 1. List the prime factors of s(t).
2, 3, 5
Let o be 56/(-9) + (-14)/(-63). Let q be 15/(-5)*80/o. Let y = -23 + q. List the prime factors of y.
17
Suppose 10 = -5*l - 0*l. List the prime factors of 0 + 2 - (l + -91).
5, 19
Suppose 136*h = 130*h + 7026. List the prime factors of h.
1171
Let g(p) = p**3 + 6*p**2 + 8*p + 6. Let i be g(-4). List the prime factors of 228/(i + -2) - (-2 - -3).
2, 7
Suppose 9*i - 12051 = 6*i + 3*r, 4*i + 5*r = 16086. What are the prime factors of i?
4019
Let a(j) be the third derivative of j**5/60 - j**4/4 + j**3/2 + 5*j**2. What are the prime factors of a(9)?
2, 3, 5
Suppose -31*l = -12*l - 18639. List the prime factors of l.
3, 109
Let r(l) = 9*l**2 - 5*l + 4. Suppose 6*n + 4 = 16. What are the prime factors of r(n)?
2, 3, 5
Let y = -152 + 174. List the prime factors of y.
2, 11
Let t(v) = 24*v - 26*v + 16*v + 27*v - 5. List the prime factors of t(2).
7, 11
Let n = 18 + -18. Suppose n = 2*f - 105 - 245. Suppose 0 = 4*g - 4, 5*l - 4*g - g - f = 0. List the prime factors of l.
2, 3
Let c = 14 - -1690. What are the prime factors